to base 13
-49513a
-87ce (base 16) to base 7
-203234
Convert 14515 (base 15) to base 11.
45047
What is -22112202211002 (base 3) in base 5?
-2130323031
Convert -10676611 (base 9) to base 10.
-5188060
What is -785844 (base 10) in base 7?
-6452043
What is -202201021110 (base 3) in base 12?
-177b40
What is 112002111022002 (base 3) in base 7?
120441335
Convert 23794a4 (base 11) to base 10.
4141339
-14301012 (base 5) to base 8
-445164
Convert 31b13b (base 12) to base 9.
1427702
Convert 85edb (base 15) to base 2.
1100111110100001111
Convert -30193b4 (base 12) to base 11.
-5093a29
4004010 (base 7) to base 5
110100400
Convert 10000100000011010001110 (base 2) to base 5.
2101431204
Convert -678498 (base 10) to base 6.
-22313110
What is -30113423 (base 6) in base 4?
-3033130113
-1010111100111101111001 (base 2) to base 7
-33255506
11012222221 (base 3) to base 10
83104
What is -b3a17e (base 15) in base 13?
-19cc925
What is 503533 (base 6) in base 16?
9b31
Convert -1335b (base 14) to base 2.
-1011100011010101
Convert -3845a (base 13) to base 9.
-167606
Convert 438507 (base 9) to base 13.
92404
What is 1b4e8 (base 15) in base 6?
1523232
1242044 (base 6) to base 10
67852
Convert 13332203133 (base 4) to base 9.
3836560
What is -1162308 (base 9) in base 16?
-9a30d
What is a7800 (base 11) in base 9?
257845
-1011011000101010101 (base 2) to base 14
-99d65
b3434 (base 14) to base 11
275329
Convert -1415360 (base 12) to base 10.
-4011192
What is 7702353 (base 8) in base 6?
112135055
Convert 3251250 (base 7) to base 11.
252896
What is -ed8ea (base 16) in base 7?
-11161556
Convert -757a5 (base 12) to base 16.
-25d2d
Convert -1102200 (base 6) to base 5.
-3224221
150605 (base 7) to base 2
111000110110111
Convert 110011011010100101101 (base 2) to base 13.
46cb17
413031 (base 7) to base 5
4230210
15055110 (base 6) to base 2
1111111001001110010
-2a7645 (base 12) to base 11
-450521
-1021032024 (base 5) to base 11
-1223173
-41bc0 (base 13) to base 16
-1ceb8
What is -7a793 (base 15) in base 13?
-108597
Convert -200005552 (base 6) to base 3.
-20022201202212
What is 68300 (base 10) in base 3?
10110200122
What is 24c94 (base 15) in base 9?
188264
-726554 (base 15) to base 7
-64140121
Convert -a736b (base 12) to base 10.
-219971
What is 12818 (base 15) in base 16?
e73e
Convert -735333 (base 9) to base 4.
-1222223100
Convert -740252 (base 8) to base 5.
-30332210
Convert 3645740 (base 9) to base 11.
1131a30
Convert 106b79b (base 12) to base 11.
1849021
Convert 2002000112 (base 4) to base 3.
1000001110022
Convert 1386b4 (base 13) to base 16.
74241
What is 3adb16 (base 16) in base 2?
1110101101101100010110
Convert -17772252 (base 8) to base 11.
-2403076
1a1d8 (base 16) to base 6
2143120
Convert c0e2cd (base 15) to base 4.
202330123021
What is 4d7200 (base 16) in base 10?
5075456
Convert 11011121303 (base 4) to base 14.
269a39
What is 157412 (base 14) in base 5?
142444122
What is -10311123 (base 4) in base 12?
-b563
Convert 652306 (base 8) to base 5.
23441220
2032311333 (base 4) to base 10
585087
-110000111110100001110111 (base 2) to base 6
-1135103543
Convert 251fbd (base 16) to base 6.
124051405
Convert 140868 (base 12) to base 15.
68a08
What is 26161521 (base 7) in base 3?
11111011022210
What is 32497 (base 14) in base 8?
355465
-15ee57 (base 15) to base 11
-6666a8
What is 118070 (base 9) in base 4?
101131101
Convert -13128 (base 9) to base 5.
-240410
What is 80827 (base 15) in base 10?
406837
What is -69c81 (base 15) in base 12?
-142baa
14013001 (base 5) to base 2
100010100100111010
2224151 (base 7) to base 2
1000011001011100011
What is -4aea7b (base 16) in base 6?
-253122015
What is 124422425 (base 6) in base 13?
681b78
Convert -67460 (base 8) to base 3.
-1110001020
What is 56676 (base 13) in base 10?
157098
214520 (base 7) to base 13
1419b
Convert -34687 (base 12) to base 11.
-48726
What is 201134424 (base 5) in base 10?
802489
What is 1b3233 (base 13) in base 14?
1404b9
What is 243547 (base 9) in base 8?
437041
-51425 (base 10) to base 12
-25915
-56062414 (base 7) to base 11
-28055a8
Convert -22049 (base 14) to base 4.
-110013101
-222121210001 (base 3) to base 2
-1111111111011010110
What is 1112322201 (base 4) in base 15?
70736
What is -6326663 (base 7) in base 16?
-ba67a
-5826a (base 16) to base 12
-154b4a
1335454 (base 7) to base 16
2b447
What is 1001011010011010000010 (base 2) in base 16?
25a682
-2722745 (base 8) to base 11
-481589
-41cc37 (base 13) to base 7
-16052061
What is -22140033 (base 5) in base 8?
-571167
Convert 5273825 (base 11) to base 10.
9287382
36a3664 (base 11) to base 7
105446510
What is 72a96 (base 12) in base 15?
2e75c
-251451415 (base 7) to base 2
-111100011100010110001110
-188647 (base 10) to base 2
-101110000011100111
Convert -1a589 (base 11) to base 13.
-10071
Convert -101010111101100010011000 (base 2) to base 11.
-63a2427
311440044 (base 5) to base 9
2361643
Convert 1163323 (base 7) to base 15.
2e6da
Convert -221011102101 (base 3) to base 7.
-4132006
31711572 (base 8) to base 12
2334276
Convert -305982 (base 14) to base 12.
-6668ba
What is 2336db (base 14) in base 7?
13126664
Convert -11f974 (base 16) to base 11.
-735034
Convert 1030310112 (base 4) to base 3.
120222121120
What is 112034331 (base 6) in base 11?
1186016
What is -13300312 (base 6) in base 12?
-194698
-17406 (base 14) to base 4
-32100232
What is 4242200 (base 5) in base 16?
1177e
What is 10860255 (base 9) in base 12?
193424b
What is -1100101111001 (base 2) in base 11?
-4999
What is d790 (base 16) in base 14?
1617a
Convert -206857 (base 13) to base 9.
-1373604
What is -87d341 (base 15) in base 14?
-c07478
What is -2310240 (base 5) in base 4?
-22011220
9718586 (base 10) to base 16
944b3a
Convert -19c4d4d (base 14) to base 7.
-214114426
What is 3613a0 (base 11) in base 9?
1062657
Convert -101333221200 (base 4) to base 10.
-4717152
What is -ac3c4 (base 14) in base 12?
-181988
What is -31643604 (base 7) in base 15?
-385036
212202102021 (base 3) to base 6
14004441
-1145867 (base 13) to base 14
-9c8728
Convert -144443414 (base 5) to base 9.
-1420428
What is -1110331 (base 4) in base 10?
-5437
2222323200 (base 4) to base 9
1276350
What is -12221002131 (base 4) in base 3?
-10021110010220
What is 71137 (base 8) in base 14?
a955
-2f1ed (base 16) to base 12
-93839
Convert 4133143213 (base 5) to base 8.
40306701
Convert 1434232 (base 5) to base 16.
7767
21234243 (base 5) to base 12
885b9
What is -38275 (base 13) in base 11?
-709a7
What is -352e6 (base 15) in base 11?
-106315
Convert -227126 (base 8) to base 10.
-77398
2002101212112 (base 3) to base 4
10033002131
What is -5438c (base 13) in base 16?
-25298
What is -1003332113 (base 4) in base 16?
-43f97
-232101313 (base 7) to base 5
-12122042321
What is 69217 (base 11) in base 8?
303365
Convert -84355 (base 11) to base 3.
-20020112221
Convert -56873 (base 14) to base 9.
-350320
What is -365573 (base 10) in base 15?
-734b8
2612b (base 12) to base 10
52019
-b780a (base 12) to base 13
-85b19
What is 1000011101000100001111110 (base 2) in base 6?
1432001434
Convert 11010110001011000010 (base 2) to base 8.
3261302
What is 7b9949 (base 14) in base 10?
4213869
-60077 (base 8) to base 10
-24639
What is -406264 (base 12) in base 10?
-1006060
What is 100010101101011001111 (base 2) in base 10?
1137359
What is 58574 (base 10) in base 2?
1110010011001110
-22020122122 (base 3) to base 2
-100111101000001010
1011001000100001110100 (base 2) to base 3
12111021110012
2150e (base 15) to base 13
391a9
-4122424 (base 5) to base 15
-14dc9
-1014b0 (base 15) to base 3
-1102210202110
Convert 1dd48d (base 15) to base 14.
2a0d3a
Convert 65006b (base 13) to base 14.
459d24
What is -1045206 (base 7) in base 14?
-35076
What is -1a8829 (base 15) in base 8?
-4740200
-209822 (base 12) to base 8
-1754532
Convert 34862b (base 15) to base 10.
2509016
What is 410256 (base 7) in base 15?
15a13
What is -250200 (base 8) in base 10?
-86144
8741c3 (base 13) to base 9
5875262
What is 11221111211200 (base 3) in base 8?
12014530
100000000332 (base 4) to base 2
10000000000000000111110
-124421000 (base 6) to base 10
-2460024
Convert 1102113 (base 4) to base 2.
1010010010111
Convert -100100010111011111001000 (base 2) to base 8.
-44273710
-1032020032 (base 4) to base 9
-536871
Convert 12032817 (bas